 is -1041 + 140301103?
140300012
In base 4, what is 11 - -113323000103?
113323000120
In base 5, what is 33123420031 + 0?
33123420031
In base 4, what is -21111302 - 21310?
-21133212
In base 16, what is 3 + -4793686?
-4793683
In base 3, what is -10111220020110 + 1?
-10111220020102
In base 5, what is 14 - -1003210202?
1003210221
In base 13, what is 3793 + 1444?
4c07
In base 4, what is -1310 + 1100030002?
1100022032
In base 16, what is -5c0d8d - -4?
-5c0d89
In base 12, what is -4 + -1b27099b?
-1b2709a3
In base 5, what is 40140 - -342321?
433011
In base 5, what is 402120004414 - 10?
402120004404
In base 13, what is 2 - -749ac61?
749ac63
In base 6, what is 524315121 + 5?
524315130
In base 5, what is -32034032 - 1334?
-32040421
In base 13, what is -2 - -c5638?
c5636
In base 16, what is -bf2f4 + 32?
-bf2c2
In base 8, what is 13 + 17203076?
17203111
In base 6, what is 1 + -33554333245?
-33554333244
In base 12, what is -1 + 922a27?
922a26
In base 12, what is -8549326 + 1?
-8549325
In base 4, what is -3 - -102301132011?
102301132002
In base 7, what is -5 - -212233052?
212233044
In base 9, what is 2740 + -337148?
-334308
In base 2, what is -1111100110011100 - 100101100010?
-10000001011111110
In base 11, what is 225540a9 - 0?
225540a9
In base 3, what is 1102011012111 + 110222?
1102011200110
In base 11, what is 2627 + 2040?
4667
In base 6, what is -1 - -2052034240?
2052034235
In base 15, what is a0ac1 - 4dd?
a05d3
In base 2, what is 1001 + 101010101011110001001?
101010101011110010010
In base 11, what is -6a77a6 + -5?
-6a7800
In base 8, what is 57266 - -423?
57711
In base 9, what is -711102575 + 0?
-711102575
In base 7, what is 10023 - 131102?
-121046
In base 13, what is -410 - -2939?
2529
In base 4, what is -11312031123312 + 1?
-11312031123311
In base 7, what is 5 - -5462616216?
5462616224
In base 6, what is -4 + -112204000?
-112204004
In base 13, what is -7b + 91c2b?
91b80
In base 16, what is -3 - -154e989f?
154e989c
In base 15, what is -105a8 + -68?
-10621
In base 5, what is 14424 + 112142?
132121
In base 12, what is 142aa - 552?
13958
In base 12, what is 2847 - 84350?
-81705
In base 12, what is 15 + -1282732?
-1282719
In base 10, what is 6291 - 82527?
-76236
In base 15, what is a79a7e8 + 0?
a79a7e8
In base 3, what is 10001002200 - 2212?
10000222211
In base 4, what is -2220 - -13022011?
13013131
In base 16, what is 2 + 1e9f70?
1e9f72
In base 7, what is 1 - -130326153?
130326154
In base 2, what is -1011100000100001110 + 1110001000?
-1011011110110000110
In base 13, what is -9 + 2143ab?
2143a2
In base 4, what is -21032 + 220121032?
220100000
In base 2, what is 0 + 1011001110111010000101100?
1011001110111010000101100
In base 7, what is -34114520524 - 5?
-34114520532
In base 10, what is -152754 - 58?
-152812
In base 3, what is 121011 + -20222021020?
-20221200002
In base 12, what is 7980a - -10?
7981a
In base 2, what is -11100110 - 100101101110000000?
-100101110001100110
In base 15, what is 1944 - 2d6e8?
-2bca4
In base 9, what is -8 - -57270110?
57270101
In base 2, what is 110100111111001100101111111 - 1010?
110100111111001100101110101
In base 16, what is -6 - -3adeef0?
3adeeea
In base 8, what is -47 + -2406413?
-2406462
In base 15, what is -68d9 + 458?
-6481
In base 13, what is 1 + -1475ac0?
-1475abc
In base 9, what is 4046787 + 1?
4046788
In base 2, what is 10000101100101011 - 101111?
10000101011111100
In base 10, what is -11 - -107745211?
107745200
In base 15, what is a3d - -2a495?
2aed3
In base 7, what is -3 - 44505456?
-44505462
In base 14, what is 3c + -4851c?
-484c0
In base 14, what is -16d - -2ad6c?
2abdd
In base 7, what is 230545426 - 60?
230545336
In base 5, what is 1021 - 1000231233?
-1000230212
In base 16, what is 18 + 35975?
3598d
In base 3, what is -122122220211000 + 12?
-122122220210211
In base 5, what is 11312 + -3042232?
-3030420
In base 15, what is -4e02ba9 + 1?
-4e02ba8
In base 11, what is 112 + -343955?
-343843
In base 12, what is -2 - -6ab326?
6ab324
In base 4, what is 2 - 20213311322?
-20213311320
In base 14, what is -5b253 + -7c5?
-5ba38
In base 5, what is -122010322 + 4032?
-122001240
In base 12, what is -15 + 3123327?
3123312
In base 10, what is -49 - 1042411?
-1042460
In base 2, what is 10010011001010110 + -1101010111?
10010001011111111
In base 8, what is -1011443 - -1040?
-1010403
In base 16, what is -21384 + 6e?
-21316
In base 4, what is -122030223 - -3231?
-122020332
In base 5, what is -1433 + -1432204?
-1434142
In base 13, what is 7327 - 553?
6aa4
In base 14, what is 375 + 213c1?
21756
In base 9, what is 1888147826 + 2?
1888147828
In base 16, what is 9c4 - -21fad?
22971
In base 15, what is -1510bb2 - -4?
-1510bad
In base 6, what is -10523 + 33551?
23024
In base 11, what is 203765 + 28?
203792
In base 7, what is 151 + 1431352?
1431533
In base 16, what is -2 - -c13792?
c13790
In base 16, what is -25dc2 - c?
-25dce
In base 15, what is 2 - 9696ee?
-9696ec
In base 9, what is 338745 + -6?
338738
In base 16, what is -8a3 + ff?
-7a4
In base 9, what is -24134714 - 58?
-24134773
In base 15, what is -1e7c0 - 20e?
-1e9ce
In base 8, what is 31 - -15310?
15341
In base 10, what is -36 - -1290136?
1290100
In base 8, what is -4465473 + 175?
-4465276
In base 6, what is -501 - -2313223?
2312322
In base 14, what is c + 52ab88c?
52ab89a
In base 9, what is -1 - -4507734?
4507733
In base 3, what is 112121 + 11112210121222?
11112211011120
In base 4, what is -101 + 1320133321?
1320133220
In base 11, what is -304 - -33303?
32aaa
In base 8, what is 13456 + -52167?
-36511
In base 16, what is -56a + 28288?
27d1e
In base 8, what is 4162 + -7272?
-3110
In base 9, what is 8 - 351724?
-351715
In base 14, what is -b189c5 + a?
-b189b9
In base 6, what is 1 - 1230034445?
-1230034444
In base 5, what is 440 - 3014114344?
-3014113404
In base 5, what is -224 - -324410224?
324410000
In base 6, what is 2 - 13241451?
-13241445
In base 5, what is 2 - -141400431?
141400433
In base 6, what is 13202122222 + -2?
13202122220
In base 15, what is c95 + a81?
1826
In base 12, what is 14b6 - -38224?
3971a
In base 13, what is ca1a2 + -13?
ca18c
In base 13, what is 41c - 35a54?
-35635
In base 12, what is 26562 + 12?
26574
In base 15, what is ae + -219bc6?
-219b17
In base 7, what is -4556 - -122065?
114206
In base 9, what is 3 + -11337500?
-11337486
In base 13, what is -10a9544 + b?
-10a9536
In base 6, what is 112010 + -1521020?
-1405010
In base 10, what is -3629 - 6245?
-9874
In base 8, what is -100212552 + 0?
-100212552
In base 15, what is 2074883 - 9?
2074879
In base 13, what is -1 - 1072419?
-107241a
In base 11, what is 3 + 1699a311?
1699a314
In base 16, what is 4 - -3110384?
3110388
In base 9, what is 2 + 7527778?
7527781
In base 6, what is -3403 - 10221?
-14024
In base 4, what is -22 - -10313122?
10313100
In base 6, what is -14443215 + 32?
-14443143
In base 2, what is -1011110001111011 - 100000110?
-1011110110000001
In base 3, what is -102212100100 + -101?
-102212100201
In base 13, what is -1691 + 69774?
680b3
In base 2, what is 1011010110101011101 - 1110100011?
1011010100110111010
In base 3, what is -11 - -2020102222120120?
2020102222120102
In base 16, what is -fa75 + -32?
-faa7
In base 8, what is 62 + 31627565?
31627647
In base 2, what is 100 - 1010100110000011000001100101?
-1010100110000011000001100001
In base 7, what is -452541503 - 0?
-452541503
In base 3, what is 11001202110202212200 - 0?
11001202110202212200
In base 6, what is 1350540 + 320?
1351300
In base 6, what is -2240 - -34332212?
34325532
In base 3, what is 1202021120 - 211020?
1201110100
In base 4, what is -232203 + -32102?
-330311
In base 12, what is -606598 - -13?
-606585
In base 4, what is -132331 - -2311013?
2112022
In base 3, what is -112210 - 201202001112?
-201202121022
In base 2, what is -1110110 - 11000010000110010?
-11000010010101000
In base 13, what is -22c158779 + 4?
-22c158775
In base 6, what is -12503 - 42142?
-55045
In base 11, what is -113a76a6 - 0?
-113a76a6
In base 11, what is -2451 + -46a10?
-49361
In base 16, what is 1dd9 - -172?
1f4b
In base 12, what is -65 + -96a4?
-9749
In base 9, what is -12178 + 2438?
-8640
In base 4, what is -10 - 123202101233?
-123202101303
In base 14, what is -2d11abc9 + -5?
-2d11abd0
In base 11, what is -108222 - 33?
-108255
In base 12, what is 4394493 + -1?
4394492
In